{"id":8596,"date":"2019-12-03T16:10:35","date_gmt":"2019-12-03T13:10:35","guid":{"rendered":"https:\/\/past.hrportal.md\/?post_type=event_listing&#038;p=8596"},"modified":"2020-01-14T12:03:49","modified_gmt":"2020-01-14T09:03:49","slug":"8596","status":"expired","type":"event_listing","link":"https:\/\/past.hrportal.md\/ro\/?post_type=event_listing&p=8596","title":{"rendered":"Seminar practic: Protec\u021bia datelor cu caracter personal \u00een ONG"},"content":{"rendered":"<p>&nbsp;<\/p>\n<p><strong>Vom aborda toate aspectele ce \u021bin de domeniul protec\u021biei datelor cu caracter personal \u00een ONG.<\/strong><\/p>\n<p><strong>\u00cen program:<\/strong><\/p>\n<p><strong>ASPECTE TEORETICE:<\/strong><\/p>\n<p><strong>CADRU LEGAL:<\/strong><\/p>\n<ul>\n<li><strong>Legea privind protec\u021bia datelor cu caracter personal;<\/strong><\/li>\n<li><strong>Regulamentul General privind Protec\u021bia Datelor (GDPR)<\/strong><\/li>\n<\/ul>\n<p><strong>ASPECTE PRACTICE<\/strong><\/p>\n<ul>\n<li><strong>Cum trebuie prelucrate datele personale \u00een ONG, supravegherea video la locul de munc\u0103, stocarea \u0219i transmiterea c\u0103tre ter\u021bi etc. \u00een cadrul unui ONG.<\/strong><\/li>\n<li><strong>Drepturile angaja\u021bilor;<\/strong><\/li>\n<li><strong>Obliga\u021biile angajatorilor;<\/strong><\/li>\n<li><strong>\u00cenregistrarea ca operator de date cu caracter personal;<\/strong><\/li>\n<li><strong>Responsabilul de protec\u021bia datelor;<\/strong><\/li>\n<li><strong>R\u0103spunderea pentru \u00eenc\u0103lcarea principiilor de protec\u021bie a datelor cu caracter personal;<\/strong><\/li>\n<li><strong>Reglementarea sistemelor de eviden\u021b\u0103;<\/strong><\/li>\n<li><strong>Cele mai des \u00eent\u00e2lnite \u00eenc\u0103lc\u0103ri admise de c\u0103tre operatori la prelucrarea datelor;<\/strong><\/li>\n<li><strong>Momente specifice de implementare a legisla\u021biei \u00een ONG.<\/strong><\/li>\n<\/ul>\n<p><strong>FORMATOR \u2013 Dl. SERGIU BOZIANU- Pre\u0219edintele Asocia\u021biei pentru Protec\u021bia Vie\u021bii Private.<\/strong><\/p>\n<p><strong>Data: 11 Decembrie, ora 9.00-14.00<\/strong><\/p>\n<p><strong>Loca\u021bia: str. M-t Varlaam, 65, bir. 327<\/strong><\/p>\n<p><strong>Investi\u021bia: 649 lei<\/strong><\/p>\n<p style=\"text-align: center;\"><strong><a href=\"https:\/\/l.facebook.com\/l.php?u=https%3A%2F%2Fbit.ly%2F2X2WurP%3Ffbclid%3DIwAR0MxK_Srobw0SkxFev693sV7s2vLMKRIInpyMa6GpycaWmGsKeBDBjbwbs&amp;h=AT3svbaCATh6afkr_dkCas5OAN8oLv4Ab1MczkLiy_gg4In7MTcjEx4NMGSAlJS9WFlN9zzbdXEFQS8ri5wzl3W_PJnbO_wuwDUo44MQk7kOADKbFcFP7Wkf7xIStjzfs4Y\">\u00ceNREGISTRARE AICI!!!<\/a><\/strong><\/p>\n<p style=\"text-align: center;\"><strong>INFORMA\u021aII SUPLIMENTARE: 060840041!<\/strong><\/p>\n","protected":false},"featured_media":0,"template":"","meta":[],"class_list":["post-8596","event_listing","type-event_listing","status-expired","hentry"],"yoast_head":"<!-- This site is optimized with the Yoast SEO plugin v27.5 - https:\/\/yoast.com\/product\/yoast-seo-wordpress\/ -->\n<title>Seminar practic: Protec\u021bia datelor cu caracter personal \u00een ONG | HRPortal<\/title>\n<meta name=\"robots\" content=\"index, follow, max-snippet:-1, max-image-preview:large, max-video-preview:-1\" \/>\n<link rel=\"canonical\" href=\"https:\/\/past.hrportal.md\/ro\/?post_type=event_listing&p=8596\" \/>\n<meta property=\"og:locale\" content=\"ro_RO\" \/>\n<meta property=\"og:type\" content=\"article\" \/>\n<meta property=\"og:title\" content=\"Seminar practic: Protec\u021bia datelor cu caracter personal \u00een ONG | HRPortal\" \/>\n<meta property=\"og:description\" content=\"&nbsp; Vom aborda toate aspectele ce \u021bin de domeniul protec\u021biei datelor cu caracter personal \u00een...\" \/>\n<meta property=\"og:url\" content=\"https:\/\/past.hrportal.md\/ro\/?post_type=event_listing&amp;p=8596\" \/>\n<meta property=\"og:site_name\" content=\"HRPortal\" \/>\n<meta property=\"article:modified_time\" content=\"2020-01-14T09:03:49+00:00\" \/>\n<meta name=\"twitter:card\" content=\"summary_large_image\" \/>\n<meta name=\"twitter:label1\" content=\"Timp estimat pentru citire\" \/>\n\t<meta name=\"twitter:data1\" content=\"1 minut\" \/>\n<script type=\"application\/ld+json\" class=\"yoast-schema-graph\">{\"@context\":\"https:\\\/\\\/schema.org\",\"@graph\":[{\"@type\":\"WebPage\",\"@id\":\"https:\\\/\\\/past.hrportal.md\\\/ro\\\/?post_type=event_listing&p=8596\",\"url\":\"https:\\\/\\\/past.hrportal.md\\\/ro\\\/?post_type=event_listing&p=8596\",\"name\":\"Seminar practic: Protec\u021bia datelor cu caracter personal \u00een ONG | HRPortal\",\"isPartOf\":{\"@id\":\"http:\\\/\\\/past.hrportal.md\\\/ro\\\/#website\"},\"datePublished\":\"2019-12-03T13:10:35+00:00\",\"dateModified\":\"2020-01-14T09:03:49+00:00\",\"breadcrumb\":{\"@id\":\"https:\\\/\\\/past.hrportal.md\\\/ro\\\/?post_type=event_listing&p=8596#breadcrumb\"},\"inLanguage\":\"ro-RO\",\"potentialAction\":[{\"@type\":\"ReadAction\",\"target\":[\"https:\\\/\\\/past.hrportal.md\\\/ro\\\/?post_type=event_listing&p=8596\"]}]},{\"@type\":\"BreadcrumbList\",\"@id\":\"https:\\\/\\\/past.hrportal.md\\\/ro\\\/?post_type=event_listing&p=8596#breadcrumb\",\"itemListElement\":[{\"@type\":\"ListItem\",\"position\":1,\"name\":\"Prima pagin\u0103\",\"item\":\"https:\\\/\\\/past.hrportal.md\\\/ro\\\/\"},{\"@type\":\"ListItem\",\"position\":2,\"name\":\"Seminar practic: Protec\u021bia datelor cu caracter personal \u00een ONG\"}]},{\"@type\":\"WebSite\",\"@id\":\"http:\\\/\\\/past.hrportal.md\\\/ro\\\/#website\",\"url\":\"http:\\\/\\\/past.hrportal.md\\\/ro\\\/\",\"name\":\"HRPortal\",\"description\":\"Cursuri de instruire \u0219i consultan\u021b\u0103 \u00een managementul resurselor umane\",\"potentialAction\":[{\"@type\":\"SearchAction\",\"target\":{\"@type\":\"EntryPoint\",\"urlTemplate\":\"http:\\\/\\\/past.hrportal.md\\\/ro\\\/?s={search_term_string}\"},\"query-input\":{\"@type\":\"PropertyValueSpecification\",\"valueRequired\":true,\"valueName\":\"search_term_string\"}}],\"inLanguage\":\"ro-RO\"}]}<\/script>\n<!-- \/ Yoast SEO plugin. -->","yoast_head_json":{"title":"Seminar practic: Protec\u021bia datelor cu caracter personal \u00een ONG | HRPortal","robots":{"index":"index","follow":"follow","max-snippet":"max-snippet:-1","max-image-preview":"max-image-preview:large","max-video-preview":"max-video-preview:-1"},"canonical":"https:\/\/past.hrportal.md\/ro\/?post_type=event_listing&p=8596","og_locale":"ro_RO","og_type":"article","og_title":"Seminar practic: Protec\u021bia datelor cu caracter personal \u00een ONG | HRPortal","og_description":"&nbsp; Vom aborda toate aspectele ce \u021bin de domeniul protec\u021biei datelor cu caracter personal \u00een...","og_url":"https:\/\/past.hrportal.md\/ro\/?post_type=event_listing&p=8596","og_site_name":"HRPortal","article_modified_time":"2020-01-14T09:03:49+00:00","twitter_card":"summary_large_image","twitter_misc":{"Timp estimat pentru citire":"1 minut"},"schema":{"@context":"https:\/\/schema.org","@graph":[{"@type":"WebPage","@id":"https:\/\/past.hrportal.md\/ro\/?post_type=event_listing&p=8596","url":"https:\/\/past.hrportal.md\/ro\/?post_type=event_listing&p=8596","name":"Seminar practic: Protec\u021bia datelor cu caracter personal \u00een ONG | HRPortal","isPartOf":{"@id":"http:\/\/past.hrportal.md\/ro\/#website"},"datePublished":"2019-12-03T13:10:35+00:00","dateModified":"2020-01-14T09:03:49+00:00","breadcrumb":{"@id":"https:\/\/past.hrportal.md\/ro\/?post_type=event_listing&p=8596#breadcrumb"},"inLanguage":"ro-RO","potentialAction":[{"@type":"ReadAction","target":["https:\/\/past.hrportal.md\/ro\/?post_type=event_listing&p=8596"]}]},{"@type":"BreadcrumbList","@id":"https:\/\/past.hrportal.md\/ro\/?post_type=event_listing&p=8596#breadcrumb","itemListElement":[{"@type":"ListItem","position":1,"name":"Prima pagin\u0103","item":"https:\/\/past.hrportal.md\/ro\/"},{"@type":"ListItem","position":2,"name":"Seminar practic: Protec\u021bia datelor cu caracter personal \u00een ONG"}]},{"@type":"WebSite","@id":"http:\/\/past.hrportal.md\/ro\/#website","url":"http:\/\/past.hrportal.md\/ro\/","name":"HRPortal","description":"Cursuri de instruire \u0219i consultan\u021b\u0103 \u00een managementul resurselor umane","potentialAction":[{"@type":"SearchAction","target":{"@type":"EntryPoint","urlTemplate":"http:\/\/past.hrportal.md\/ro\/?s={search_term_string}"},"query-input":{"@type":"PropertyValueSpecification","valueRequired":true,"valueName":"search_term_string"}}],"inLanguage":"ro-RO"}]}},"_links":{"self":[{"href":"https:\/\/past.hrportal.md\/ro\/wp-json\/wp\/v2\/event_listing\/8596","targetHints":{"allow":["GET"]}}],"collection":[{"href":"https:\/\/past.hrportal.md\/ro\/wp-json\/wp\/v2\/event_listing"}],"about":[{"href":"https:\/\/past.hrportal.md\/ro\/wp-json\/wp\/v2\/types\/event_listing"}],"wp:attachment":[{"href":"https:\/\/past.hrportal.md\/ro\/wp-json\/wp\/v2\/media?parent=8596"}],"curies":[{"name":"wp","href":"https:\/\/api.w.org\/{rel}","templated":true}]}}

Seminar practic: Protecția datelor cu caracter personal în ONG

<p>&nbsp;</p>
<p><strong>Vom aborda toate aspectele ce țin de domeniul protecției datelor cu caracter personal în ONG.</strong></p>
<p><strong>În program:</strong></p>
<p><strong>ASPECTE TEORETICE:</strong></p>
<p><strong>CADRU LEGAL:</strong></p>
<ul>
<li><strong>Legea privind protecția datelor cu caracter personal;</strong></li>
<li><strong>Regulamentul General privind Protecția Datelor (GDPR)</strong></li>
</ul>
<p><strong>ASPECTE PRACTICE</strong></p>
<ul>
<li><strong>Cum trebuie prelucrate datele personale în ONG, supravegherea video la locul de muncă, stocarea și transmiterea către terți etc. în cadrul unui ONG.</strong></li>
<li><strong>Drepturile angajaților;</strong></li>
<li><strong>Obligațiile angajatorilor;</strong></li>
<li><strong>Înregistrarea ca operator de date cu caracter personal;</strong></li>
<li><strong>Responsabilul de protecția datelor;</strong></li>
<li><strong>Răspunderea pentru încălcarea principiilor de protecție a datelor cu caracter personal;</strong></li>
<li><strong>Reglementarea sistemelor de evidență;</strong></li>
<li><strong>Cele mai des întâlnite încălcări admise de către operatori la prelucrarea datelor;</strong></li>
<li><strong>Momente specifice de implementare a legislației în ONG.</strong></li>
</ul>
<p><strong>FORMATOR – Dl. SERGIU BOZIANU- Președintele Asociației pentru Protecția Vieții Private.</strong></p>
<p><strong>Data: 11 Decembrie, ora 9.00-14.00</strong></p>
<p><strong>Locația: str. M-t Varlaam, 65, bir. 327</strong></p>
<p><strong>Investiția: 649 lei</strong></p>
<p style="text-align: center;"><strong><a href="https://l.facebook.com/l.php?u=https%3A%2F%2Fbit.ly%2F2X2WurP%3Ffbclid%3DIwAR0MxK_Srobw0SkxFev693sV7s2vLMKRIInpyMa6GpycaWmGsKeBDBjbwbs&amp;h=AT3svbaCATh6afkr_dkCas5OAN8oLv4Ab1MczkLiy_gg4In7MTcjEx4NMGSAlJS9WFlN9zzbdXEFQS8ri5wzl3W_PJnbO_wuwDUo44MQk7kOADKbFcFP7Wkf7xIStjzfs4Y">ÎNREGISTRARE AICI!!!</a></strong></p>
<p style="text-align: center;"><strong>INFORMAȚII SUPLIMENTARE: 060840041!</strong></p>

<!-- This site is optimized with the Yoast SEO plugin v27.5 - https://yoast.com/product/yoast-seo-wordpress/ -->
<title>Seminar practic: Protecția datelor cu caracter personal în ONG | HRPortal</title>
<meta name="robots" content="index, follow, max-snippet:-1, max-image-preview:large, max-video-preview:-1" />
<link rel="canonical" href="https://past.hrportal.md/ro/?post_type=event_listing&p=8596" />
<meta property="og:locale" content="ro_RO" />
<meta property="og:type" content="article" />
<meta property="og:title" content="Seminar practic: Protecția datelor cu caracter personal în ONG | HRPortal" />
<meta property="og:description" content="&nbsp; Vom aborda toate aspectele ce țin de domeniul protecției datelor cu caracter personal în..." />
<meta property="og:url" content="https://past.hrportal.md/ro/?post_type=event_listing&amp;p=8596" />
<meta property="og:site_name" content="HRPortal" />
<meta property="article:modified_time" content="2020-01-14T09:03:49+00:00" />
<meta name="twitter:card" content="summary_large_image" />
<meta name="twitter:label1" content="Timp estimat pentru citire" />
	<meta name="twitter:data1" content="1 minut" />
<script type="application/ld+json" class="yoast-schema-graph">{"@context":"https:\/\/schema.org","@graph":[{"@type":"WebPage","@id":"https:\/\/past.hrportal.md\/ro\/?post_type=event_listing&p=8596","url":"https:\/\/past.hrportal.md\/ro\/?post_type=event_listing&p=8596","name":"Seminar practic: Protecția datelor cu caracter personal în ONG | HRPortal","isPartOf":{"@id":"http:\/\/past.hrportal.md\/ro\/#website"},"datePublished":"2019-12-03T13:10:35+00:00","dateModified":"2020-01-14T09:03:49+00:00","breadcrumb":{"@id":"https:\/\/past.hrportal.md\/ro\/?post_type=event_listing&p=8596#breadcrumb"},"inLanguage":"ro-RO","potentialAction":[{"@type":"ReadAction","target":["https:\/\/past.hrportal.md\/ro\/?post_type=event_listing&p=8596"]}]},{"@type":"BreadcrumbList","@id":"https:\/\/past.hrportal.md\/ro\/?post_type=event_listing&p=8596#breadcrumb","itemListElement":[{"@type":"ListItem","position":1,"name":"Prima pagină","item":"https:\/\/past.hrportal.md\/ro\/"},{"@type":"ListItem","position":2,"name":"Seminar practic: Protecția datelor cu caracter personal în ONG"}]},{"@type":"WebSite","@id":"http:\/\/past.hrportal.md\/ro\/#website","url":"http:\/\/past.hrportal.md\/ro\/","name":"HRPortal","description":"Cursuri de instruire și consultanță în managementul resurselor umane","potentialAction":[{"@type":"SearchAction","target":{"@type":"EntryPoint","urlTemplate":"http:\/\/past.hrportal.md\/ro\/?s={search_term_string}"},"query-input":{"@type":"PropertyValueSpecification","valueRequired":true,"valueName":"search_term_string"}}],"inLanguage":"ro-RO"}]}</script>
<!-- / Yoast SEO plugin. -->

Seminar practic: Protecția datelor cu caracter personal în ONG | HRPortal

&nbsp; Vom aborda toate aspectele ce țin de domeniul protecției datelor cu caracter personal în...

Prima pagină

Cursuri de instruire și consultanță în managementul resurselor umane
