{"id":8611,"date":"2025-03-06T12:15:04","date_gmt":"2025-03-06T09:15:04","guid":{"rendered":"https:\/\/past.hrportal.md\/?post_type=event_listing&#038;p=8611"},"modified":"2025-03-06T18:29:41","modified_gmt":"2025-03-06T15:29:41","slug":"8611","status":"publish","type":"event_listing","link":"https:\/\/past.hrportal.md\/ro\/event\/8611\/","title":{"rendered":"Curs &#8222;Specialist Resurse Umane&#8221;"},"content":{"rendered":"<ul>\n<li>Un curs complex de instruire care reflect\u0103 competen\u021bele profesionale necesare pentru func\u021bia de Specialist resurse umane\/ Specialist \u00een legisla\u021bia muncii;<\/li>\n<li>AVIZAT de MINISTERUL EDUCA\u0162IEI, CULTURII \u0218I CERCET\u0102RII\u00a0 RM;<\/li>\n<li>Cei mai buni lectori \u0219i exper\u021bi practicieni \u00een domeniu;<\/li>\n<li>1,5 luni de instruire, \u00a083 ore de comunicare profesional\u0103, 30% teorie \u0219i 70% aplica\u021bii practice;<\/li>\n<li>Un program construit \u00een rezultatul unui studiu desf\u0103\u0219urat \u00een peste 200 de companii privind atribu\u021biile func\u0163ionale \u0219i competen\u021bele solicitate la angajare a speciali\u0219tilor de administrare HR;<\/li>\n<li>Certificat de formare profesionala;<\/li>\n<li>Informa\u021bii \u015fi cuno\u0219tin\u021be actualizate odat\u0103 cu modific\u0103rile legislative \u0219i standardele profesionale;<\/li>\n<\/ul>\n<p><b>\u00cenceputul cursului: 31 Martie 2025\u00a0<\/b><\/p>\n<p><b>Orele de instruire:<\/b><\/p>\n<p>Luni, Miercuri, Vineri: 18:30 \u2013 20:30<\/p>\n<p>S\u00eemb\u0103t\u0103: 09:00 \u2013 14:00<\/p>\n<p><b>Programul cursului \u201cSpecialist resurse umane\u201d cuprinde trei compartimente:<\/b><\/p>\n<ol>\n<li>Dreptul muncii;<\/li>\n<li>Aplica\u0163ii practice ale legisla\u0163iei muncii;<\/li>\n<li>Programe \u015fi\u00a0softuri (<a href=\"http:\/\/hrschool.md\/ro\/program\/\">detalii aici<\/a>)<b>.<\/b><\/li>\n<\/ol>\n<p><b>Lectori \u015fi Exper\u0163i:<br \/>\n<\/b><\/p>\n<ul>\n<li><b>Nicolae Romanda\u015f,\u00a0<\/b>Catedra Dreptul muncii al UCCM, Dr., profesor universitar,<\/li>\n<li><b>Dumitru St\u0103vil\u0103,\u00a0<\/b>Director Inspectoratul de Stat al Muncii<\/li>\n<li><b>Olga Catan,\u00a0<\/b>\u015eef departament resurse umane, HR Portal SRL<\/li>\n<li><strong>Ana Moldovanu<\/strong>, Confedera\u021bia Na\u021bional\u0103 a Sindicatelor din Moldova<\/li>\n<\/ul>\n<p><b>Pre\u021bul cursului\u00a0 \u00eencepe de la 8599 lei (cu posibilitatea de achitare \u00een rate):<\/b><\/p>\n<p><b>Investi\u0163ia cuprinde:<\/b>\u00a0cursul de 83 ore academice, suport de curs care con\u0163ine materiale explicative, \u00a0formulare, \u00a0modele de documente, examenul, certificatul de absolvire.<\/p>\n<p style=\"text-align: center;\"><strong>Informa\u021bii suplimentare: 060840041!<\/strong><\/p>\n","protected":false},"featured_media":4278,"template":"","meta":[],"class_list":["post-8611","event_listing","type-event_listing","status-publish","has-post-thumbnail","hentry"],"yoast_head":"<!-- This site is optimized with the Yoast SEO plugin v27.5 - https:\/\/yoast.com\/product\/yoast-seo-wordpress\/ -->\n<title>Curs &quot;Specialist Resurse Umane&quot; | HRPortal<\/title>\n<meta name=\"robots\" content=\"index, follow, max-snippet:-1, max-image-preview:large, max-video-preview:-1\" \/>\n<link rel=\"canonical\" href=\"https:\/\/past.hrportal.md\/ro\/event\/8611\/\" \/>\n<meta property=\"og:locale\" content=\"ro_RO\" \/>\n<meta property=\"og:type\" content=\"article\" \/>\n<meta property=\"og:title\" content=\"Curs &quot;Specialist Resurse Umane&quot; | HRPortal\" \/>\n<meta property=\"og:description\" content=\"Un curs complex de instruire care reflect\u0103 competen\u021bele profesionale necesare pentru func\u021bia de Specialist resurse...\" \/>\n<meta property=\"og:url\" content=\"https:\/\/past.hrportal.md\/ro\/event\/8611\/\" \/>\n<meta property=\"og:site_name\" content=\"HRPortal\" \/>\n<meta property=\"article:modified_time\" content=\"2025-03-06T15:29:41+00:00\" \/>\n<meta property=\"og:image\" content=\"https:\/\/past.hrportal.md\/wp-content\/uploads\/2019\/08\/logo-hr.png\" \/>\n\t<meta property=\"og:image:width\" content=\"110\" \/>\n\t<meta property=\"og:image:height\" content=\"60\" \/>\n\t<meta property=\"og:image:type\" content=\"image\/png\" \/>\n<meta name=\"twitter:card\" content=\"summary_large_image\" \/>\n<meta name=\"twitter:label1\" content=\"Timp estimat pentru citire\" \/>\n\t<meta name=\"twitter:data1\" content=\"2 minute\" \/>\n<script type=\"application\/ld+json\" class=\"yoast-schema-graph\">{\"@context\":\"https:\\\/\\\/schema.org\",\"@graph\":[{\"@type\":\"WebPage\",\"@id\":\"https:\\\/\\\/past.hrportal.md\\\/ro\\\/event\\\/8611\\\/\",\"url\":\"https:\\\/\\\/past.hrportal.md\\\/ro\\\/event\\\/8611\\\/\",\"name\":\"Curs \\\"Specialist Resurse Umane\\\" | HRPortal\",\"isPartOf\":{\"@id\":\"http:\\\/\\\/past.hrportal.md\\\/ro\\\/#website\"},\"primaryImageOfPage\":{\"@id\":\"https:\\\/\\\/past.hrportal.md\\\/ro\\\/event\\\/8611\\\/#primaryimage\"},\"image\":{\"@id\":\"https:\\\/\\\/past.hrportal.md\\\/ro\\\/event\\\/8611\\\/#primaryimage\"},\"thumbnailUrl\":\"https:\\\/\\\/past.hrportal.md\\\/wp-content\\\/uploads\\\/2019\\\/08\\\/logo-hr.png\",\"datePublished\":\"2025-03-06T09:15:04+00:00\",\"dateModified\":\"2025-03-06T15:29:41+00:00\",\"breadcrumb\":{\"@id\":\"https:\\\/\\\/past.hrportal.md\\\/ro\\\/event\\\/8611\\\/#breadcrumb\"},\"inLanguage\":\"ro-RO\",\"potentialAction\":[{\"@type\":\"ReadAction\",\"target\":[\"https:\\\/\\\/past.hrportal.md\\\/ro\\\/event\\\/8611\\\/\"]}]},{\"@type\":\"ImageObject\",\"inLanguage\":\"ro-RO\",\"@id\":\"https:\\\/\\\/past.hrportal.md\\\/ro\\\/event\\\/8611\\\/#primaryimage\",\"url\":\"https:\\\/\\\/past.hrportal.md\\\/wp-content\\\/uploads\\\/2019\\\/08\\\/logo-hr.png\",\"contentUrl\":\"https:\\\/\\\/past.hrportal.md\\\/wp-content\\\/uploads\\\/2019\\\/08\\\/logo-hr.png\",\"width\":110,\"height\":60,\"caption\":\"\u0410\u0443\u0442\u0441\u043e\u0440\u0442\u0438\u043d\u0433 \u0438 \u0443\u043f\u0440\u0430\u0432\u043b\u0435\u043d\u0438\u0435 \u043f\u0435\u0440\u0441\u043e\u043d\u0430\u043b\u043e\u043c \u0432 \u041c\u043e\u043b\u0434\u043e\u0432\u0435\"},{\"@type\":\"BreadcrumbList\",\"@id\":\"https:\\\/\\\/past.hrportal.md\\\/ro\\\/event\\\/8611\\\/#breadcrumb\",\"itemListElement\":[{\"@type\":\"ListItem\",\"position\":1,\"name\":\"Prima pagin\u0103\",\"item\":\"https:\\\/\\\/past.hrportal.md\\\/ro\\\/\"},{\"@type\":\"ListItem\",\"position\":2,\"name\":\"Curs &#8222;Specialist Resurse Umane&#8221;\"}]},{\"@type\":\"WebSite\",\"@id\":\"http:\\\/\\\/past.hrportal.md\\\/ro\\\/#website\",\"url\":\"http:\\\/\\\/past.hrportal.md\\\/ro\\\/\",\"name\":\"HRPortal\",\"description\":\"Cursuri de instruire \u0219i consultan\u021b\u0103 \u00een managementul resurselor umane\",\"potentialAction\":[{\"@type\":\"SearchAction\",\"target\":{\"@type\":\"EntryPoint\",\"urlTemplate\":\"http:\\\/\\\/past.hrportal.md\\\/ro\\\/?s={search_term_string}\"},\"query-input\":{\"@type\":\"PropertyValueSpecification\",\"valueRequired\":true,\"valueName\":\"search_term_string\"}}],\"inLanguage\":\"ro-RO\"}]}<\/script>\n<!-- \/ Yoast SEO plugin. -->","yoast_head_json":{"title":"Curs \"Specialist Resurse Umane\" | HRPortal","robots":{"index":"index","follow":"follow","max-snippet":"max-snippet:-1","max-image-preview":"max-image-preview:large","max-video-preview":"max-video-preview:-1"},"canonical":"https:\/\/past.hrportal.md\/ro\/event\/8611\/","og_locale":"ro_RO","og_type":"article","og_title":"Curs \"Specialist Resurse Umane\" | HRPortal","og_description":"Un curs complex de instruire care reflect\u0103 competen\u021bele profesionale necesare pentru func\u021bia de Specialist resurse...","og_url":"https:\/\/past.hrportal.md\/ro\/event\/8611\/","og_site_name":"HRPortal","article_modified_time":"2025-03-06T15:29:41+00:00","og_image":[{"width":110,"height":60,"url":"https:\/\/past.hrportal.md\/wp-content\/uploads\/2019\/08\/logo-hr.png","type":"image\/png"}],"twitter_card":"summary_large_image","twitter_misc":{"Timp estimat pentru citire":"2 minute"},"schema":{"@context":"https:\/\/schema.org","@graph":[{"@type":"WebPage","@id":"https:\/\/past.hrportal.md\/ro\/event\/8611\/","url":"https:\/\/past.hrportal.md\/ro\/event\/8611\/","name":"Curs \"Specialist Resurse Umane\" | HRPortal","isPartOf":{"@id":"http:\/\/past.hrportal.md\/ro\/#website"},"primaryImageOfPage":{"@id":"https:\/\/past.hrportal.md\/ro\/event\/8611\/#primaryimage"},"image":{"@id":"https:\/\/past.hrportal.md\/ro\/event\/8611\/#primaryimage"},"thumbnailUrl":"https:\/\/past.hrportal.md\/wp-content\/uploads\/2019\/08\/logo-hr.png","datePublished":"2025-03-06T09:15:04+00:00","dateModified":"2025-03-06T15:29:41+00:00","breadcrumb":{"@id":"https:\/\/past.hrportal.md\/ro\/event\/8611\/#breadcrumb"},"inLanguage":"ro-RO","potentialAction":[{"@type":"ReadAction","target":["https:\/\/past.hrportal.md\/ro\/event\/8611\/"]}]},{"@type":"ImageObject","inLanguage":"ro-RO","@id":"https:\/\/past.hrportal.md\/ro\/event\/8611\/#primaryimage","url":"https:\/\/past.hrportal.md\/wp-content\/uploads\/2019\/08\/logo-hr.png","contentUrl":"https:\/\/past.hrportal.md\/wp-content\/uploads\/2019\/08\/logo-hr.png","width":110,"height":60,"caption":"\u0410\u0443\u0442\u0441\u043e\u0440\u0442\u0438\u043d\u0433 \u0438 \u0443\u043f\u0440\u0430\u0432\u043b\u0435\u043d\u0438\u0435 \u043f\u0435\u0440\u0441\u043e\u043d\u0430\u043b\u043e\u043c \u0432 \u041c\u043e\u043b\u0434\u043e\u0432\u0435"},{"@type":"BreadcrumbList","@id":"https:\/\/past.hrportal.md\/ro\/event\/8611\/#breadcrumb","itemListElement":[{"@type":"ListItem","position":1,"name":"Prima pagin\u0103","item":"https:\/\/past.hrportal.md\/ro\/"},{"@type":"ListItem","position":2,"name":"Curs &#8222;Specialist Resurse Umane&#8221;"}]},{"@type":"WebSite","@id":"http:\/\/past.hrportal.md\/ro\/#website","url":"http:\/\/past.hrportal.md\/ro\/","name":"HRPortal","description":"Cursuri de instruire \u0219i consultan\u021b\u0103 \u00een managementul resurselor umane","potentialAction":[{"@type":"SearchAction","target":{"@type":"EntryPoint","urlTemplate":"http:\/\/past.hrportal.md\/ro\/?s={search_term_string}"},"query-input":{"@type":"PropertyValueSpecification","valueRequired":true,"valueName":"search_term_string"}}],"inLanguage":"ro-RO"}]}},"_links":{"self":[{"href":"https:\/\/past.hrportal.md\/ro\/wp-json\/wp\/v2\/event_listing\/8611","targetHints":{"allow":["GET"]}}],"collection":[{"href":"https:\/\/past.hrportal.md\/ro\/wp-json\/wp\/v2\/event_listing"}],"about":[{"href":"https:\/\/past.hrportal.md\/ro\/wp-json\/wp\/v2\/types\/event_listing"}],"wp:featuredmedia":[{"embeddable":true,"href":"https:\/\/past.hrportal.md\/ro\/wp-json\/wp\/v2\/media\/4278"}],"wp:attachment":[{"href":"https:\/\/past.hrportal.md\/ro\/wp-json\/wp\/v2\/media?parent=8611"}],"curies":[{"name":"wp","href":"https:\/\/api.w.org\/{rel}","templated":true}]}}

<ul>
<li>Un curs complex de instruire care reflectă competențele profesionale necesare pentru funcția de Specialist resurse umane/ Specialist în legislația muncii;</li>
<li>AVIZAT de MINISTERUL EDUCAŢIEI, CULTURII ȘI CERCETĂRII  RM;</li>
<li>Cei mai buni lectori și experți practicieni în domeniu;</li>
<li>1,5 luni de instruire,  83 ore de comunicare profesională, 30% teorie și 70% aplicații practice;</li>
<li>Un program construit în rezultatul unui studiu desfășurat în peste 200 de companii privind atribuțiile funcţionale și competențele solicitate la angajare a specialiștilor de administrare HR;</li>
<li>Certificat de formare profesionala;</li>
<li>Informații şi cunoștințe actualizate odată cu modificările legislative și standardele profesionale;</li>
</ul>
<p><b>Începutul cursului: 31 Martie 2025 </b></p>
<p><b>Orele de instruire:</b></p>
<p>Luni, Miercuri, Vineri: 18:30 – 20:30</p>
<p>Sîmbătă: 09:00 – 14:00</p>
<p><b>Programul cursului “Specialist resurse umane” cuprinde trei compartimente:</b></p>
<ol>
<li>Dreptul muncii;</li>
<li>Aplicaţii practice ale legislaţiei muncii;</li>
<li>Programe şi softuri (<a href="http://hrschool.md/ro/program/">detalii aici</a>)<b>.</b></li>
</ol>
<p><b>Lectori şi Experţi:<br />
</b></p>
<ul>
<li><b>Nicolae Romandaş, </b>Catedra Dreptul muncii al UCCM, Dr., profesor universitar,</li>
<li><b>Dumitru Stăvilă, </b>Director Inspectoratul de Stat al Muncii</li>
<li><b>Olga Catan, </b>Şef departament resurse umane, HR Portal SRL</li>
<li><strong>Ana Moldovanu</strong>, Confederația Națională a Sindicatelor din Moldova</li>
</ul>
<p><b>Prețul cursului  începe de la 8599 lei (cu posibilitatea de achitare în rate):</b></p>
<p><b>Investiţia cuprinde:</b> cursul de 83 ore academice, suport de curs care conţine materiale explicative,  formulare,  modele de documente, examenul, certificatul de absolvire.</p>
<p style="text-align: center;"><strong>Informații suplimentare: 060840041!</strong></p>

<!-- This site is optimized with the Yoast SEO plugin v27.5 - https://yoast.com/product/yoast-seo-wordpress/ -->
<title>Curs &quot;Specialist Resurse Umane&quot; | HRPortal</title>
<meta name="robots" content="index, follow, max-snippet:-1, max-image-preview:large, max-video-preview:-1" />
<link rel="canonical" href="https://past.hrportal.md/ro/event/8611/" />
<meta property="og:locale" content="ro_RO" />
<meta property="og:type" content="article" />
<meta property="og:title" content="Curs &quot;Specialist Resurse Umane&quot; | HRPortal" />
<meta property="og:description" content="Un curs complex de instruire care reflectă competențele profesionale necesare pentru funcția de Specialist resurse..." />
<meta property="og:url" content="https://past.hrportal.md/ro/event/8611/" />
<meta property="og:site_name" content="HRPortal" />
<meta property="article:modified_time" content="2025-03-06T15:29:41+00:00" />
<meta property="og:image" content="https://past.hrportal.md/wp-content/uploads/2019/08/logo-hr.png" />
	<meta property="og:image:width" content="110" />
	<meta property="og:image:height" content="60" />
	<meta property="og:image:type" content="image/png" />
<meta name="twitter:card" content="summary_large_image" />
<meta name="twitter:label1" content="Timp estimat pentru citire" />
	<meta name="twitter:data1" content="2 minute" />
<script type="application/ld+json" class="yoast-schema-graph">{"@context":"https:\/\/schema.org","@graph":[{"@type":"WebPage","@id":"https:\/\/past.hrportal.md\/ro\/event\/8611\/","url":"https:\/\/past.hrportal.md\/ro\/event\/8611\/","name":"Curs \"Specialist Resurse Umane\" | HRPortal","isPartOf":{"@id":"http:\/\/past.hrportal.md\/ro\/#website"},"primaryImageOfPage":{"@id":"https:\/\/past.hrportal.md\/ro\/event\/8611\/#primaryimage"},"image":{"@id":"https:\/\/past.hrportal.md\/ro\/event\/8611\/#primaryimage"},"thumbnailUrl":"https:\/\/past.hrportal.md\/wp-content\/uploads\/2019\/08\/logo-hr.png","datePublished":"2025-03-06T09:15:04+00:00","dateModified":"2025-03-06T15:29:41+00:00","breadcrumb":{"@id":"https:\/\/past.hrportal.md\/ro\/event\/8611\/#breadcrumb"},"inLanguage":"ro-RO","potentialAction":[{"@type":"ReadAction","target":["https:\/\/past.hrportal.md\/ro\/event\/8611\/"]}]},{"@type":"ImageObject","inLanguage":"ro-RO","@id":"https:\/\/past.hrportal.md\/ro\/event\/8611\/#primaryimage","url":"https:\/\/past.hrportal.md\/wp-content\/uploads\/2019\/08\/logo-hr.png","contentUrl":"https:\/\/past.hrportal.md\/wp-content\/uploads\/2019\/08\/logo-hr.png","width":110,"height":60,"caption":"Аутсортинг и управление персоналом в Молдове"},{"@type":"BreadcrumbList","@id":"https:\/\/past.hrportal.md\/ro\/event\/8611\/#breadcrumb","itemListElement":[{"@type":"ListItem","position":1,"name":"Prima pagină","item":"https:\/\/past.hrportal.md\/ro\/"},{"@type":"ListItem","position":2,"name":"Curs &#8222;Specialist Resurse Umane&#8221;"}]},{"@type":"WebSite","@id":"http:\/\/past.hrportal.md\/ro\/#website","url":"http:\/\/past.hrportal.md\/ro\/","name":"HRPortal","description":"Cursuri de instruire și consultanță în managementul resurselor umane","potentialAction":[{"@type":"SearchAction","target":{"@type":"EntryPoint","urlTemplate":"http:\/\/past.hrportal.md\/ro\/?s={search_term_string}"},"query-input":{"@type":"PropertyValueSpecification","valueRequired":true,"valueName":"search_term_string"}}],"inLanguage":"ro-RO"}]}</script>
<!-- / Yoast SEO plugin. -->

Un curs complex de instruire care reflectă competențele profesionale necesare pentru funcția de Specialist resurse...

Аутсортинг и управление персоналом в Молдове

Prima pagină

Cursuri de instruire și consultanță în managementul resurselor umane
